 4484. Calculate z(19).
0
Let v(s) = -481*s + 7635. Calculate v(16).
-61
Let z(w) = 941*w + 637. What is z(-1)?
-304
Let m(y) = -y**2 - 54*y - 980. Calculate m(-33).
-287
Let u(d) = -564*d + 12400. Give u(22).
-8
Let i(h) = -45*h - 9. Calculate i(-1).
36
Let l(q) = 6*q - 218. Give l(36).
-2
Let r(b) = -b**3 + b**2 - 120*b + 244. Determine r(2).
0
Let p(u) = 5*u**2 + 12*u - 37. What is p(-4)?
-5
Let x(u) = -79*u + 1142. What is x(14)?
36
Let l(f) = 44*f + 21. Calculate l(-2).
-67
Let o(q) = 631*q**2 - 10093*q - 14. Give o(16).
34
Let f(v) = 3*v**3 - 48*v**2 - 42*v - 155. Determine f(17).
-2
Let z(v) = -71*v + 707. Determine z(10).
-3
Let p(b) = -17*b**2 - 108. Calculate p(-5).
-533
Let m(c) = c**3 - 28*c**2 + 28*c - 20. What is m(27)?
7
Let g(m) = 34*m**3 + 2*m**2 - 10*m + 10. Give g(1).
36
Let u(a) = -4*a + 40. Give u(8).
8
Let x(y) = 3769*y - 15079. Determine x(4).
-3
Let o(c) = -2*c**2 - 30*c + 716. What is o(14)?
-96
Let b(k) = -9*k**2 - 31*k + 10. Determine b(-7).
-214
Let z(j) = 9*j**2 - 29*j - 10. Calculate z(6).
140
Let z(h) = 24*h + 1510. Give z(-80).
-410
Let v(x) = x**3 - 23*x**2 - 19*x + 1350. What is v(21)?
69
Let z(b) = -33*b - 1149. Determine z(-13).
-720
Let t(c) = -c**3 - 2*c**2 + 31*c + 101. Determine t(-4).
9
Let o(j) = -1729*j - 25927. Determine o(-15).
8
Let n(t) = -134*t**3 + 50*t**2 + 23*t - 25. Calculate n(1).
-86
Let w(p) = 39*p**2 - 1834*p + 48. Calculate w(47).
1
Let p(x) = -2*x + 33. Calculate p(14).
5
Let t(o) = -o**2 - 36*o - 29. What is t(-37)?
-66
Let s(v) = v**2 - 31*v + 242. What is s(18)?
8
Let v(r) = -8437*r + 16878. Determine v(2).
4
Let r(o) = -o**2 + 2*o + 446. Determine r(-20).
6
Let o(j) = -809*j - 39666. Give o(-49).
-25
Let n(d) = -7*d**2 + 24*d - 7. Calculate n(4).
-23
Let s(l) = -4*l + 69. What is s(-18)?
141
Let w(a) = 2*a**2 - 101*a - 169. Determine w(51).
-118
Let y(b) = -b**2 + 56*b - 696. Calculate y(28).
88
Let d(g) = -113*g + 5566. Calculate d(50).
-84
Let d(o) = -o**3 - 10*o**2 - 18*o + 17. Give d(-6).
-19
Let c(p) = 5*p**2 + 214*p - 259. Calculate c(-44).
5
Let b(t) = 6*t**2 - 5*t + 23. What is b(7)?
282
Let g(r) = -196*r**3 - 394*r**2 - 5*r - 12. Give g(-2).
-10
Let l(s) = -2*s**3 + 21*s**2 - 4*s - 81. Give l(10).
-21
Let v(f) = 40*f**2 - 200*f + 21. What is v(5)?
21
Let t(u) = -123*u - 131. What is t(0)?
-131
Let u(a) = 2*a**3 - 10*a**2 - 64*a + 310. What is u(6)?
-2
Let g(w) = -783*w - 169911. Determine g(-217).
0
Let r(m) = 2*m**3 - 159*m**2 + 3127*m - 126. Calculate r(44).
6
Let q(s) = -2*s**3 - 51*s**2 + 75*s - 132. Calculate q(-27).
30
Let c(d) = -d**3 - 6*d**2 + 5*d - 546. Give c(-11).
4
Let i(b) = 2*b**2 - 232*b - 5769. What is i(137)?
-15
Let c(d) = 3*d**2 + 263*d - 3. Give c(0).
-3
Let c(k) = -845*k - 57475. Give c(-68).
-15
Let z(f) = 3*f**3 + 13*f**2 + 16*f + 16. Calculate z(-4).
-32
Let b(s) = s**2 - 69*s + 1199. Give b(33).
11
Let f(r) = -2*r**3 + 24*r**2 - 3*r - 18. Determine f(12).
-54
Let v(w) = 90*w + 45. Calculate v(0).
45
Let j(x) = -x**2 + 33*x - 21. Give j(14).
245
Let o(p) = -p**3 + 16*p**2 + 19*p - 653. Determine o(14).
5
Let y(l) = -18*l + 68. Determine y(8).
-76
Let g(t) = t**3 - 7*t**2 + 15*t - 5. Determine g(3).
4
Let a(n) = 130*n - 359. Determine a(3).
31
Let o(i) = 2*i**2 + 119*i - 296. Calculate o(-62).
14
Let h(i) = -i**2 - 52*i + 1063. Calculate h(-67).
58
Let v(z) = 2733*z - 2770. Determine v(1).
-37
Let d(q) = -24*q**2 - 168*q + 14. Determine d(-7).
14
Let t(w) = 119*w - 1570. Determine t(11).
-261
Let n(i) = -3*i**2 - 52*i - 116. Give n(-14).
24
Let i(m) = -69*m + 1496. Determine i(40).
-1264
Let w(d) = -121*d + 1. Determine w(-1).
122
Let j(h) = -3*h**3 + 35. Calculate j(-3).
116
Let z(x) = x**3 - 29*x**2 + 99*x + 37. Give z(25).
12
Let m(j) = -j**3 + 22*j**2 + 82*j + 17. Calculate m(25).
192
Let o(g) = 53*g - 62. What is o(3)?
97
Let t(i) = 2*i**2 - 19*i + 26. What is t(4)?
-18
Let z(s) = s**3 - 3*s**2 - 11*s - 37. Determine z(6).
5
Let i(t) = 524*t - 7342. Determine i(14).
-6
Let a(i) = -119*i + 1200. Determine a(10).
10
Let o(g) = 5*g + 444. Determine o(-28).
304
Let z(p) = -2*p**3 - 24*p**2 + p - 46. Give z(-12).
-58
Let o(f) = f**2 + 5*f - 5. Give o(-4).
-9
Let n(d) = 42*d**2 - 1176*d + 2. Give n(28).
2
Let d(a) = a**2 - 3897*a + 7789. Give d(2).
-1
Let s(p) = 2*p**2 - 193*p + 1853. Give s(10).
123
Let o(g) = -11*g + 361. Calculate o(36).
-35
Let i(y) = -y**3 - y**2 + 40*y - 6. What is i(-6)?
-66
Let z(t) = -1631*t - 99498. Calculate z(-61).
-7
Let z(g) = 4*g**3 - 58*g**2 + 27*g - 15. Give z(14).
-29
Let p(j) = -2*j**3 + 5*j**2 - 7*j - 8. Calculate p(4).
-84
Let s(l) = -l**2 + 28*l + 393. Calculate s(-10).
13
Let l(g) = 2*g**2 + 243*g - 1261. Determine l(5).
4
Let r(x) = 18*x**3 - 85*x**2 - 36*x + 50. Calculate r(5).
-5
Let q(o) = -3*o**2 - 95*o - 13. What is q(0)?
-13
Let l(v) = -192*v**2 + 12481*v - 60. Give l(65).
5
Let u(z) = z**3 - 13*z**2 + 127*z - 1383. Calculate u(12).
-3
Let u(b) = -212*b**2 + 5*b + 7. Give u(-1).
-210
Let h(d) = -d**3 + 11*d**2 + 58*d - 434. Calculate h(5).
6
Let o(r) = 489*r - 2442. Give o(5).
3
Let a(y) = -y**2 - 78*y - 1096. What is a(-61)?
-59
Let f(s) = 77*s**2 - 699*s - 18. What is f(9)?
-72
Let y(b) = b**3 - 15*b**2 - 123*b - 71. What is y(21)?
-8
Let y(h) = 63*h**2 - 1705*h + 114. Give y(27).
6
Let m(t) = 368*t**2 + 2210*t + 14. What is m(-6)?
2
Let s(l) = 2*l**2 - 411*l + 6417. Calculate s(17).
8
Let h(g) = -g**2 - g + 396. Determine h(19).
16
Let q(h) = -7*h + 98. Calculate q(19).
-35
Let d(n) = -n**2 - 5*n + 110. Determine d(-14).
-16
Let s(a) = a**2 - 13033*a + 39100. What is s(3)?
10
Let g(f) = 2*f**3 + 23*f**2 + 45*f + 42. Give g(-9).
42
Let r(m) = 5*m**3 + 12*m**2 - 11*m - 3. Give r(2).
63
Let z(c) = -8*c**3 - 1151*c**2 + 142*c - 282. Calculate z(-144).
6
Let s(p) = 195*p - 1. Calculate s(1).
194
Let m(i) = 4*i**3 - 60*i**2 - 16*i + 118. Calculate m(15).
-122
Let a(f) = 2*f**3 - 86*f**2 + 87*f - 51. Give a(42).
75
Let f(p) = 6*p**2 - 112*p + 17. Give f(18).
-55
Let r(z) = -z**3 + 32*z**2 - 256*z + 8194. Calculate r(32).
2
Let n(y) = y**3 - 19*y**2 + 26*y + 97. What is n(17)?
-39
Let w(i) = i**2 - 2*i - 193. What is w(0)?
-193
Let v(q) = 2*q**2 - 232*q - 7. Calculate v(116).
-7
Let l(j) = -4*j**3 + 15*j**2 + 37*j + 13. Calculate l(7).
-365
Let p(k) = -2*k**3 - 101*k**2 + 1425*k - 57. Give p(-62).
5
Let g(r) = 4*r**2 + 151*r - 709. Give g(-42).
5
Let c(v) = 5*v**2 + 14*v - 25. What is c(-4)?
-1
Let s(l) = l - 96. Give s(13).
-83
Let b(z) = 34*z - 135. Calculate b(15).
375
Let p(i) = i**2 - 10*i - 2779. Determine p(58).
5
Let o(c) = -3*c**2 - 183*c - 269. Give o(-59).
85
Let l(d) = d**2 + 3*d + 354. Give l(0).
354
Let x(c) = 95*c + 1239. Determine x(-13).
4
Let o(n) = 17*n**2 - 63*n - 285. Determine o(-5).
455
Let c(v) = 18*v**3 + 1512*v**2 + 7*v + 582. What is c(-84)?
-6
Let c(h) = -9*h + 223. Give c(40).
-137
Let j(r) = 57*r**2 - 263*r - 2. Give j(5).
108
Let a(q) = q**2 - 14*q - 185. Determine a(25).
90
Let t(x) = x**2 - x + 14. What is t(-6)?
56
Let v(x) = 3097*x - 9285. Give v(3).
6
Let q(b) = 79*b - 2917. Calculate q(40).
243
Let q(h) = -66*h - 1549. What is q(-23)?
-31
Let k(r) = r**3 + 13*r**2 + 14*r - 190. What is k(-10)?
-30
Let c(a) = -a**2 - 21*a + 186. Calculate c(-27).
24
Let c(t) = 579*t - 17998. Calculate c(31).
-49
Let n(d) = 799*d - 5598. Calculate n(7).
-5
Let x(d) = 9*d**2 + 34*d - 6. Calculate x(-5).
49
Let t(a) = -a**3 - 32*a**2 - 9*a + 590. What is t(-31)?
-92
Let p(b) = -11*b**2 - 635*b + 41. What is p(-58)?
-133
Let j(l) = -l**2 + 8*l + 812. Calculate j(-25).
-13
Let z(c) = 97*c + 457. Determine z(-5).
-28
Let r(x) = -11*x**2 - 7*x - 4. Give r(-1).
-8
Let d(n) = -n**3 + 21*n**2 + 20*n + 100. What is d(22)?
56
Let y(o) = -5*o**2 + 1371*o + 8187. Determine y(-6).
-219
Let b(k) = -k**3 + 38*k**2 - 111*k + 198. Determine b(35).
-12
Let r(o) = -o**2 + 13*o + 8. What is r(17)?
-60
Let z(d) = d**2 - 36*d + 308. Determine z(11).
33
Let x(l) = -4355*l + 174194. What is x(40)?
-6
Let r(c) = 17*c**2 + 215*c - 85. What is r(-13)?
-7
Let d(x) = x**2 + 318*x + 1567. Calculate d(-5).
2
Let m(u) = u**2 + 1562*u - 9367. Calculate m(6).
41
Let l(t) = -68*t + 336. Determine l(5).
-4
Let q(p) = -p**3 - 24*p**2 - 56*p - 25. Calculate q(-8).
-601
Let i(a) = -17*a + 15. Determine i(-6).
117
Let z(w) = 27